{"id":361,"date":"2024-02-29T19:04:46","date_gmt":"2024-02-29T22:04:46","guid":{"rendered":"https:\/\/takapedra.fofinhorockclub.com.br\/index.php\/conta-de-associacao\/niveis-de-associacao\/"},"modified":"2024-03-06T17:14:14","modified_gmt":"2024-03-06T20:14:14","slug":"niveis-de-associacao","status":"publish","type":"page","link":"https:\/\/takapedra.fofinhorockclub.com.br\/index.php\/conta-de-associacao\/niveis-de-associacao\/","title":{"rendered":"N\u00edveis de associa\u00e7\u00e3o"},"content":{"rendered":"\n<figure class=\"wp-block-table\"><table><tbody><tr><td>Plano BRONZE<\/td><td>R$ 5,00<br>Expira em 30 dias.<\/td><\/tr><\/tbody><\/table><\/figure>\n\n\n\n<div class=\"wp-block-buttons is-layout-flex wp-block-buttons-is-layout-flex\">\n<div class=\"wp-block-button is-style-outline\"><a class=\"wp-block-button__link wp-element-button\" href=\"https:\/\/takapedra.fofinhorockclub.com.br\/index.php\/conta-de-associacao\/pagamento-da-associacao\/?level=1\">EU QUERO ASSINAR AGORA!<\/a><\/div>\n<\/div>\n\n\n\n<div class=\"wp-block-buttons is-layout-flex wp-block-buttons-is-layout-flex\">\n<div class=\"wp-block-button has-custom-font-size\" style=\"font-size:15px\"><a class=\"wp-block-button__link has-white-color has-text-color has-background has-link-color wp-element-button\" style=\"background-color:#ff0000\" onclick=\"history.back();\">VOLTAR<\/a><\/div>\n<\/div>\n\n","protected":false},"excerpt":{"rendered":"<p>Plano BRONZE R$ 5,00Expira em 30 dias.<\/p>\n","protected":false},"author":1,"featured_media":0,"parent":355,"menu_order":0,"comment_status":"closed","ping_status":"closed","template":"","meta":{"pmpro_default_level":0,"footnotes":"","_joinchat":[]},"_links":{"self":[{"href":"https:\/\/takapedra.fofinhorockclub.com.br\/index.php\/wp-json\/wp\/v2\/pages\/361"}],"collection":[{"href":"https:\/\/takapedra.fofinhorockclub.com.br\/index.php\/wp-json\/wp\/v2\/pages"}],"about":[{"href":"https:\/\/takapedra.fofinhorockclub.com.br\/index.php\/wp-json\/wp\/v2\/types\/page"}],"author":[{"embeddable":true,"href":"https:\/\/takapedra.fofinhorockclub.com.br\/index.php\/wp-json\/wp\/v2\/users\/1"}],"replies":[{"embeddable":true,"href":"https:\/\/takapedra.fofinhorockclub.com.br\/index.php\/wp-json\/wp\/v2\/comments?post=361"}],"version-history":[{"count":7,"href":"https:\/\/takapedra.fofinhorockclub.com.br\/index.php\/wp-json\/wp\/v2\/pages\/361\/revisions"}],"predecessor-version":[{"id":744,"href":"https:\/\/takapedra.fofinhorockclub.com.br\/index.php\/wp-json\/wp\/v2\/pages\/361\/revisions\/744"}],"up":[{"embeddable":true,"href":"https:\/\/takapedra.fofinhorockclub.com.br\/index.php\/wp-json\/wp\/v2\/pages\/355"}],"wp:attachment":[{"href":"https:\/\/takapedra.fofinhorockclub.com.br\/index.php\/wp-json\/wp\/v2\/media?parent=361"}],"curies":[{"name":"wp","href":"https:\/\/api.w.org\/{rel}","templated":true}]}}